{"id":813,"date":"2020-05-01T12:54:16","date_gmt":"2020-05-01T17:54:16","guid":{"rendered":"http:\/\/lucjoubert.com\/?page_id=813"},"modified":"2020-05-14T12:31:34","modified_gmt":"2020-05-14T17:31:34","slug":"projets-haute-securite","status":"publish","type":"page","link":"https:\/\/lucjoubert.com\/?page_id=813","title":{"rendered":"Projets Haute s\u00e9curit\u00e9"},"content":{"rendered":"<p style=\"text-align: justify;\">Tous les projets de cette liste ont b\u00e9n\u00e9fici\u00e9 de l\u2019expertise d\u00e9gag\u00e9e \u00e0 l\u2019aide de La M\u00e9thode de S\u00e9lection de Vitrages pour B\u00e2timents, La M\u00e9thode de S\u00e9lection en Vitrage de S\u00e9curit\u00e9, Analyse de Menaces et Risques et \u00c9valuation de la S\u00e9curit\u00e9 Mat\u00e9rielles comprenant entre autres les volets suivants\u00a0:<\/p>\n<ul>\n<li style=\"text-align: justify;\">expertise du confort de l\u2019occupant;<\/li>\n<li style=\"text-align: justify;\">\u00e9valuation de menaces et risques;<\/li>\n<li style=\"text-align: justify;\">protection en cas d\u2019explosion de produits combustibles ou par menace terroriste;<\/li>\n<li style=\"text-align: justify;\">protection contre les projectiles d\u2019armes \u00e0 feu;<\/li>\n<li style=\"text-align: justify;\">protection contre les menaces d\u2019attaques physiques motiv\u00e9es;<\/li>\n<li style=\"text-align: justify;\">expertise en concept double peau;<\/li>\n<li style=\"text-align: justify;\">analyse de l\u2019effet de dispositifs d\u2019occultation ext\u00e9rieurs;<\/li>\n<li style=\"text-align: justify;\">analyse de l\u2019occultation g\u00e9n\u00e9r\u00e9e par le vitrage s\u00e9rigraphi\u00e9;<\/li>\n<\/ul>\n<p>&nbsp;<\/p>\n<p><strong>Projets \u00e0 contenu confidentiel pour des raisons de s\u00e9curit\u00e9<br \/>\n<\/strong>(Vitrages de s\u00e9curit\u00e9 et \u00e9valuations de menaces et risques)<\/p>\n<p>Salle du conseil des Ministres du Gouvernement du Qu\u00e9bec<\/p>\n<p>Bureaux et appartements du Premier Ministre du Qu\u00e9bec, \u00c9difice J<\/p>\n<p>Bureau du Premier Ministre du Qu\u00e9bec, \u00c9difice Honor\u00e9 Mercier<\/p>\n<p>Consulat G\u00e9n\u00e9ral des \u00c9tats Unis \u00e0 Qu\u00e9bec<\/p>\n<p>Consulat de France, Qu\u00e9bec<\/p>\n<p>Diff\u00e9rents Services de Renseignement (Identit\u00e9 confidentielle respect\u00e9e)<\/p>\n<p>Plusieurs maisons refuges pour femmes<br \/>\n(Sp\u00e9cifications normalis\u00e9es et implication dans plus d\u2019une quarantaine de projets au Qu\u00e9bec)<\/p>\n<p>\u00c9tablissement de D\u00e9tention de Donnacona<\/p>\n<p>\u00c9tablissement de D\u00e9tention de Roberval<\/p>\n<p>Centre de Services Juridiques Gouin \u00e0 Montr\u00e9al<\/p>\n<p>Bureau du Minist\u00e8re de la S\u00e9curit\u00e9 Publique, Qu\u00e9bec<\/p>\n<p>Plusieurs \u00e9difices f\u00e9d\u00e9raux lors du sommet des Am\u00e9riques en 2001 \u00e0 Qu\u00e9bec<\/p>\n<p>Centre Fiscal de Jonqui\u00e8re<\/p>\n<p>Banque Nationale (plusieurs succursales)<\/p>\n<p>Desjardins (plusieurs succursales)<\/p>\n<p>Soci\u00e9t\u00e9 des Alcools du Qu\u00e9bec (plusieurs succursales)<\/p>\n<p>Rothmans Benson and Hedges<\/p>\n<p>Installations IMTT dans le port de Qu\u00e9bec<\/p>\n<p>Usine Tafisa de Lac M\u00e9gantic<\/p>\n","protected":false},"excerpt":{"rendered":"<p>Tous les projets de cette liste ont b\u00e9n\u00e9fici\u00e9 de l\u2019expertise d\u00e9gag\u00e9e \u00e0 l\u2019aide de La M\u00e9thode de S\u00e9lection de Vitrages pour B\u00e2timents, La M\u00e9thode de S\u00e9lection en Vitrage de S\u00e9curit\u00e9, Analyse de Menaces et Risques et \u00c9valuation de la S\u00e9curit\u00e9 Mat\u00e9rielles comprenant entre autres les volets suivants\u00a0: expertise du confort de l\u2019occupant; \u00e9valuation de menaces [&hellip;]<\/p>\n","protected":false},"author":1,"featured_media":0,"parent":700,"menu_order":0,"comment_status":"open","ping_status":"open","template":"","meta":[],"_links":{"self":[{"href":"https:\/\/lucjoubert.com\/index.php?rest_route=\/wp\/v2\/pages\/813"}],"collection":[{"href":"https:\/\/lucjoubert.com\/index.php?rest_route=\/wp\/v2\/pages"}],"about":[{"href":"https:\/\/lucjoubert.com\/index.php?rest_route=\/wp\/v2\/types\/page"}],"author":[{"embeddable":true,"href":"https:\/\/lucjoubert.com\/index.php?rest_route=\/wp\/v2\/users\/1"}],"replies":[{"embeddable":true,"href":"https:\/\/lucjoubert.com\/index.php?rest_route=%2Fwp%2Fv2%2Fcomments&post=813"}],"version-history":[{"count":2,"href":"https:\/\/lucjoubert.com\/index.php?rest_route=\/wp\/v2\/pages\/813\/revisions"}],"predecessor-version":[{"id":828,"href":"https:\/\/lucjoubert.com\/index.php?rest_route=\/wp\/v2\/pages\/813\/revisions\/828"}],"up":[{"embeddable":true,"href":"https:\/\/lucjoubert.com\/index.php?rest_route=\/wp\/v2\/pages\/700"}],"wp:attachment":[{"href":"https:\/\/lucjoubert.com\/index.php?rest_route=%2Fwp%2Fv2%2Fmedia&parent=813"}],"curies":[{"name":"wp","href":"https:\/\/api.w.org\/{rel}","templated":true}]}}