{"id":799,"date":"2020-04-28T22:56:15","date_gmt":"2020-04-29T03:56:15","guid":{"rendered":"http:\/\/lucjoubert.com\/?page_id=799"},"modified":"2020-05-01T12:57:22","modified_gmt":"2020-05-01T17:57:22","slug":"799-2","status":"publish","type":"page","link":"https:\/\/lucjoubert.com\/?page_id=799","title":{"rendered":"Formation en ligne La Fiche Technique"},"content":{"rendered":"<p>Formation La Fiche Technique<\/p>\n<p>Pour acheter cette formation, rendez-vous sur la plate-forme transactionnelle s\u00e9curis\u00e9e<span style=\"color: #000080;\">\u00a0<a style=\"color: #000080;\" href=\"https:\/\/formations-vitrage.didacte.com\/\" target=\"_blank\">https:\/\/formations-vitrage.didacte.com\/<\/a><\/span><\/p>\n<p>A partir de cette plate forme, vous n&rsquo;avez qu&rsquo;\u00e0 vous cr\u00e9er un compte utilisateur et vous pourrez acheter cette formation et acc\u00e9der \u00e0 son contenu, les documents en support et recevrez \u00e9galement la certification de r\u00e9ussite une fois le test final r\u00e9ussi.<\/p>\n","protected":false},"excerpt":{"rendered":"<p>Formation La Fiche Technique Pour acheter cette formation, rendez-vous sur la plate-forme transactionnelle s\u00e9curis\u00e9e\u00a0https:\/\/formations-vitrage.didacte.com\/ A partir de cette plate forme, vous n&rsquo;avez qu&rsquo;\u00e0 vous cr\u00e9er un compte utilisateur et vous pourrez acheter cette formation et acc\u00e9der \u00e0 son contenu, les documents en support et recevrez \u00e9galement la certification de r\u00e9ussite une fois le test final [&hellip;]<\/p>\n","protected":false},"author":1,"featured_media":0,"parent":786,"menu_order":0,"comment_status":"open","ping_status":"open","template":"","meta":[],"_links":{"self":[{"href":"https:\/\/lucjoubert.com\/index.php?rest_route=\/wp\/v2\/pages\/799"}],"collection":[{"href":"https:\/\/lucjoubert.com\/index.php?rest_route=\/wp\/v2\/pages"}],"about":[{"href":"https:\/\/lucjoubert.com\/index.php?rest_route=\/wp\/v2\/types\/page"}],"author":[{"embeddable":true,"href":"https:\/\/lucjoubert.com\/index.php?rest_route=\/wp\/v2\/users\/1"}],"replies":[{"embeddable":true,"href":"https:\/\/lucjoubert.com\/index.php?rest_route=%2Fwp%2Fv2%2Fcomments&post=799"}],"version-history":[{"count":2,"href":"https:\/\/lucjoubert.com\/index.php?rest_route=\/wp\/v2\/pages\/799\/revisions"}],"predecessor-version":[{"id":801,"href":"https:\/\/lucjoubert.com\/index.php?rest_route=\/wp\/v2\/pages\/799\/revisions\/801"}],"up":[{"embeddable":true,"href":"https:\/\/lucjoubert.com\/index.php?rest_route=\/wp\/v2\/pages\/786"}],"wp:attachment":[{"href":"https:\/\/lucjoubert.com\/index.php?rest_route=%2Fwp%2Fv2%2Fmedia&parent=799"}],"curies":[{"name":"wp","href":"https:\/\/api.w.org\/{rel}","templated":true}]}}