{"id":734,"date":"2017-08-21T15:44:13","date_gmt":"2017-08-21T20:44:13","guid":{"rendered":"http:\/\/lucjoubert.com\/?page_id=734"},"modified":"2020-05-01T13:00:30","modified_gmt":"2020-05-01T18:00:30","slug":"analyse-de-projets-en-conception","status":"publish","type":"page","link":"https:\/\/lucjoubert.com\/?page_id=734","title":{"rendered":"Analyse de projets en conception"},"content":{"rendered":"<p style=\"text-align: justify;\">J&rsquo;accompagne les architectes, concepteurs et propri\u00e9taires immobiliers dans leur phase de conception en avant projets en proc\u00e9dant \u00e0 l&rsquo;analyse du b\u00e2timent afin de d\u00e9terminer les vitrages requis, en fonction des diff\u00e9rents param\u00e8tres inh\u00e9rents aux b\u00e2timents et \u00e0 son utilisation, dans le but d&rsquo;assurer le confort et la s\u00e9curit\u00e9 des occupants lors de l&rsquo;exploitation du b\u00e2timent.<\/p>\n<p style=\"text-align: justify;\">Cette analyse se compl\u00e8te par la simulation en temps r\u00e9el du b\u00e2timent projet\u00e9 afin de conna\u00eetre le comportement pr\u00e9cis des vitrages aux \u00e9l\u00e9ments ext\u00e9rieurs (insolation et isolation) avant m\u00eame que le b\u00e2timent soit \u00e9rig\u00e9. Cette \u00e9tape repr\u00e9sente un avantage \u00e9norme et permet de calibrer ensuite les appareils de chauffages et climatisations puisque les charges induites et les courbes\u00a0de puissance sont connus dans la phase de conception, ce qui \u00e9vite les d\u00e9sordres et les impr\u00e9vus.<\/p>\n","protected":false},"excerpt":{"rendered":"<p>J&rsquo;accompagne les architectes, concepteurs et propri\u00e9taires immobiliers dans leur phase de conception en avant projets en proc\u00e9dant \u00e0 l&rsquo;analyse du b\u00e2timent afin de d\u00e9terminer les vitrages requis, en fonction des diff\u00e9rents param\u00e8tres inh\u00e9rents aux b\u00e2timents et \u00e0 son utilisation, dans le but d&rsquo;assurer le confort et la s\u00e9curit\u00e9 des occupants lors de l&rsquo;exploitation du b\u00e2timent. [&hellip;]<\/p>\n","protected":false},"author":1,"featured_media":0,"parent":691,"menu_order":6,"comment_status":"open","ping_status":"open","template":"full-width-page-template.php","meta":[],"_links":{"self":[{"href":"https:\/\/lucjoubert.com\/index.php?rest_route=\/wp\/v2\/pages\/734"}],"collection":[{"href":"https:\/\/lucjoubert.com\/index.php?rest_route=\/wp\/v2\/pages"}],"about":[{"href":"https:\/\/lucjoubert.com\/index.php?rest_route=\/wp\/v2\/types\/page"}],"author":[{"embeddable":true,"href":"https:\/\/lucjoubert.com\/index.php?rest_route=\/wp\/v2\/users\/1"}],"replies":[{"embeddable":true,"href":"https:\/\/lucjoubert.com\/index.php?rest_route=%2Fwp%2Fv2%2Fcomments&post=734"}],"version-history":[{"count":1,"href":"https:\/\/lucjoubert.com\/index.php?rest_route=\/wp\/v2\/pages\/734\/revisions"}],"predecessor-version":[{"id":735,"href":"https:\/\/lucjoubert.com\/index.php?rest_route=\/wp\/v2\/pages\/734\/revisions\/735"}],"up":[{"embeddable":true,"href":"https:\/\/lucjoubert.com\/index.php?rest_route=\/wp\/v2\/pages\/691"}],"wp:attachment":[{"href":"https:\/\/lucjoubert.com\/index.php?rest_route=%2Fwp%2Fv2%2Fmedia&parent=734"}],"curies":[{"name":"wp","href":"https:\/\/api.w.org\/{rel}","templated":true}]}}